{"id":643,"date":"2024-03-19T17:22:46","date_gmt":"2024-03-19T17:22:46","guid":{"rendered":"https:\/\/oxnchile.cl\/?page_id=643"},"modified":"2024-05-25T01:17:12","modified_gmt":"2024-05-25T01:17:12","slug":"envios-y-retiro","status":"publish","type":"page","link":"https:\/\/oxnchile.cl\/index.php\/envios-y-retiro\/","title":{"rendered":"Envios y Retiro"},"content":{"rendered":"\t\t<div data-elementor-type=\"wp-page\" data-elementor-id=\"643\" class=\"elementor elementor-643\" data-elementor-post-type=\"page\">\n\t\t\t\t\t\t<section class=\"elementor-section elementor-top-section elementor-element elementor-element-eae59ce elementor-section-boxed elementor-section-height-default elementor-section-height-default\" data-id=\"eae59ce\" data-element_type=\"section\" data-e-type=\"section\">\n\t\t\t\t\t\t<div class=\"elementor-container elementor-column-gap-default\">\n\t\t\t\t\t<div class=\"elementor-column elementor-col-100 elementor-top-column elementor-element elementor-element-22b5a77\" data-id=\"22b5a77\" data-element_type=\"column\" data-e-type=\"column\">\n\t\t\t<div class=\"elementor-column-wrap--22b5a77 elementor-widget-wrap elementor-element-populated\">\n\t\t\t\t\t\t<div class=\"elementor-element elementor-element-581b672 elementor-widget elementor-widget-reycore-breadcrumbs\" data-id=\"581b672\" data-element_type=\"widget\" data-e-type=\"widget\" data-widget_type=\"reycore-breadcrumbs.default\">\n\t\t\t\t<div class=\"elementor-widget-container\">\n\t\t\t\t\t\n\t\t<div class=\"rey-element reyEl-breadcrumbs\">\n\n\t\t\t<nav class=\"rey-breadcrumbs\"><div class=\"rey-breadcrumbs-item\">SERVICIOS AL CLIENTE<\/div><\/nav>\t\t<\/div>\n\t\t<!-- .reyEl-breadcrumbs -->\n\t\t\t\t\t\t<\/div>\n\t\t\t\t<\/div>\n\t\t\t\t<div class=\"elementor-element elementor-element-33b7943 elementor-widget elementor-widget-text-editor\" data-id=\"33b7943\" data-element_type=\"widget\" data-e-type=\"widget\" data-widget_type=\"text-editor.default\">\n\t\t\t\t<div class=\"elementor-widget-container\">\n\t\t\t\t\t\t\t\t\t<p>Despachamos tus compras de Arica a Punta Arenas, excluyendo Isla de Pascua y Juan Fern\u00e1ndez.<\/p><p>Cada m\u00e9todo de env\u00edo tiene restricciones y valores propios, los cuales ser\u00e1n aplicados en tu pedido.<\/p><p>Cuando pases por caja, se te solicitar\u00e1 que indiques una forma de env\u00edo para tu(s) producto(s). Antes de finalizar tu pedido, los valores totales de env\u00edo se calcular\u00e1n autom\u00e1ticamente.<\/p><p>Se realizar\u00e1 el env\u00edo a la direcci\u00f3n indicada por usted dentro del territorio de Chile. Las entregas se realizar\u00e1n en d\u00edas h\u00e1biles de lunes a viernes, excepto los d\u00edas festivos.<br \/>Todos los despachos deber\u00e1n ser recibidos por una persona adulta del domicilio al momento de la entrega. Estos ser\u00e1n realizados por la empresa\u00a0<strong>Chilexpress<\/strong>, quienes se hacen cargo de los plazos de entrega una vez que tu compra est\u00e9 en sus manos.<\/p><p>Las ventas realizadas los d\u00edas s\u00e1bados y domingos se procesan para despacho a partir del d\u00eda h\u00e1bil siguiente.<\/p><p>Los despachos s\u00f3lo comprometen d\u00eda de env\u00edo NO de entrega ni horario.<\/p><p>Los valores del env\u00edo son confirmados al finalizar su compra.<\/p><p>Una vez que el pago est\u00e9 confirmado, tu pedido ser\u00e1 preparado y despachado durante las\u00a024 a 72 horas h\u00e1biles\u00a0siguientes desde nuestro CD. A partir de entonces, el plazo de entrega lo define la empresa de transporte que en este caso es\u00a0<strong>Chilexpress<\/strong>.<\/p>\t\t\t\t\t\t\t\t<\/div>\n\t\t\t\t<\/div>\n\t\t\t\t\t<\/div>\n\t\t<\/div>\n\t\t\t\t\t<\/div>\n\t\t<\/section>\n\t\t\t\t<section class=\"elementor-section elementor-top-section elementor-element elementor-element-e86c3e5 rey-section-stretched elementor-section-full_width elementor-section-height-default elementor-section-height-default\" data-id=\"e86c3e5\" data-element_type=\"section\" data-e-type=\"section\">\n\t\t\t\t\t\t<div class=\"elementor-container elementor-column-gap-default\">\n\t\t\t\t\t<div class=\"elementor-column elementor-col-100 elementor-top-column elementor-element elementor-element-41f97ab\" data-id=\"41f97ab\" data-element_type=\"column\" data-e-type=\"column\">\n\t\t\t<div class=\"elementor-column-wrap--41f97ab elementor-widget-wrap elementor-element-populated\">\n\t\t\t\t\t\t<section class=\"elementor-section elementor-inner-section elementor-element elementor-element-65cd339 elementor-section-full_width elementor-section-height-min-height rey-section-bg--classic elementor-section-height-default\" data-id=\"65cd339\" data-element_type=\"section\" data-e-type=\"section\" data-settings=\"{&quot;background_background&quot;:&quot;classic&quot;}\">\n\t\t\t\t\t\t<div class=\"elementor-container elementor-column-gap-default\">\n\t\t\t\t\t<div class=\"elementor-column elementor-col-100 elementor-inner-column elementor-element elementor-element-8493514\" data-id=\"8493514\" data-element_type=\"column\" data-e-type=\"column\">\n\t\t\t<div class=\"elementor-column-wrap--8493514 elementor-widget-wrap\">\n\t\t\t\t\t\t\t<\/div>\n\t\t<\/div>\n\t\t\t\t\t<\/div>\n\t\t<\/section>\n\t\t\t\t\t<\/div>\n\t\t<\/div>\n\t\t\t\t\t<\/div>\n\t\t<\/section>\n\t\t\t\t<\/div>\n\t\t","protected":false},"excerpt":{"rendered":"<p>SERVICIOS AL CLIENTE Despachamos tus compras de Arica a Punta Arenas, excluyendo Isla de Pascua y Juan Fern\u00e1ndez. Cada m\u00e9todo de env\u00edo tiene restricciones y valores propios, los cuales ser\u00e1n aplicados en tu pedido. Cuando pases por caja, se te solicitar\u00e1 que indiques una forma de env\u00edo para tu(s) producto(s). Antes de finalizar tu pedido, [&hellip;]<\/p>\n","protected":false},"author":15,"featured_media":0,"parent":0,"menu_order":0,"comment_status":"closed","ping_status":"closed","template":"","meta":{"_acf_changed":false,"footnotes":""},"class_list":["post-643","page","type-page","status-publish","hentry"],"acf":[],"_links":{"self":[{"href":"https:\/\/oxnchile.cl\/index.php\/wp-json\/wp\/v2\/pages\/643","targetHints":{"allow":["GET"]}}],"collection":[{"href":"https:\/\/oxnchile.cl\/index.php\/wp-json\/wp\/v2\/pages"}],"about":[{"href":"https:\/\/oxnchile.cl\/index.php\/wp-json\/wp\/v2\/types\/page"}],"author":[{"embeddable":true,"href":"https:\/\/oxnchile.cl\/index.php\/wp-json\/wp\/v2\/users\/15"}],"replies":[{"embeddable":true,"href":"https:\/\/oxnchile.cl\/index.php\/wp-json\/wp\/v2\/comments?post=643"}],"version-history":[{"count":39,"href":"https:\/\/oxnchile.cl\/index.php\/wp-json\/wp\/v2\/pages\/643\/revisions"}],"predecessor-version":[{"id":4328,"href":"https:\/\/oxnchile.cl\/index.php\/wp-json\/wp\/v2\/pages\/643\/revisions\/4328"}],"wp:attachment":[{"href":"https:\/\/oxnchile.cl\/index.php\/wp-json\/wp\/v2\/media?parent=643"}],"curies":[{"name":"wp","href":"https:\/\/api.w.org\/{rel}","templated":true}]}}