{"id":2185,"date":"2024-03-20T11:18:15","date_gmt":"2024-03-20T14:18:15","guid":{"rendered":"https:\/\/oxnchile.cl\/?post_type=product&#038;p=2185"},"modified":"2026-04-28T15:07:21","modified_gmt":"2026-04-28T19:07:21","slug":"zapatilla-de-futsal-sprint-suede","status":"publish","type":"product","link":"https:\/\/oxnchile.cl\/index.php\/producto\/zapatilla-de-futsal-sprint-suede\/","title":{"rendered":"Zapatilla de futsal Sprint Suede"},"content":{"rendered":"<p>Zapatilla de futsal Sprint Suede adulto<\/p>\n","protected":false},"excerpt":{"rendered":"<p>Indicada para los partidos de futsal, las Sprint Suede son la elecci\u00f3n adecuada para los jugadores que buscan aumentar su rendimiento y agilidad. Su parte superior sint\u00e9tica tipo suede, viene con l\u00edneas de costura en toda la estructura y tiene peque\u00f1os canales de ventilaci\u00f3n, mejorando la transpirabilidad de los pies. El forro interior contiene acolchado reforzado y la plantilla de EVA est\u00e1 forrada y se puede quitar, facilitando su limpieza. Su leng\u00fceta que, a su vez, es fina y flexible con ajuste regulable mediante cordones. Por \u00faltimo, la suela de PVC cuenta con un punto de pivote estrat\u00e9gicamente posicionado, proporcionando la m\u00e1xima precisi\u00f3n al jugador.<\/p>\n<p><strong>Informaci\u00f3n t\u00e9cnica<\/strong><\/p>\n<ul>\n<li>Capellada: Material sint\u00e9tico (PU) con costuras.<\/li>\n<li>Plantilla: En EVA y extra\u00edble; facilita la limpieza.<\/li>\n<li>Forro: Forro de material textil, acolchado transpirable.<\/li>\n<li>Suela: PVC texturado que garantizan m\u00e1xima tracci\u00f3n, estabilidad y movimientos multidireccionales.<\/li>\n<li>Adecuado para: Superficies artificiales duras, gimnasios, EVA.<\/li>\n<li>Lengua: Integrada.<\/li>\n<li>Origen: Brasil.<\/li>\n<li>Ajuste: Cordones.<\/li>\n<li>Peso aproximado: 590g para el par N\u00ba40.<\/li>\n<\/ul>\n","protected":false},"featured_media":7889,"template":"","meta":{"_acf_changed":false},"product_brand":[],"product_cat":[135],"product_tag":[],"class_list":{"0":"post-2185","1":"product","2":"type-product","3":"status-publish","4":"has-post-thumbnail","6":"product_cat-indoor-adulto","8":"first","9":"instock","10":"sale","11":"shipping-taxable","12":"purchasable","13":"product-type-variable","14":"has-default-attributes","swatches":"rey-swatches","show_selected":""},"acf":[],"jetpack_sharing_enabled":true,"_links":{"self":[{"href":"https:\/\/oxnchile.cl\/index.php\/wp-json\/wp\/v2\/product\/2185","targetHints":{"allow":["GET"]}}],"collection":[{"href":"https:\/\/oxnchile.cl\/index.php\/wp-json\/wp\/v2\/product"}],"about":[{"href":"https:\/\/oxnchile.cl\/index.php\/wp-json\/wp\/v2\/types\/product"}],"wp:featuredmedia":[{"embeddable":true,"href":"https:\/\/oxnchile.cl\/index.php\/wp-json\/wp\/v2\/media\/7889"}],"wp:attachment":[{"href":"https:\/\/oxnchile.cl\/index.php\/wp-json\/wp\/v2\/media?parent=2185"}],"wp:term":[{"taxonomy":"product_brand","embeddable":true,"href":"https:\/\/oxnchile.cl\/index.php\/wp-json\/wp\/v2\/product_brand?post=2185"},{"taxonomy":"product_cat","embeddable":true,"href":"https:\/\/oxnchile.cl\/index.php\/wp-json\/wp\/v2\/product_cat?post=2185"},{"taxonomy":"product_tag","embeddable":true,"href":"https:\/\/oxnchile.cl\/index.php\/wp-json\/wp\/v2\/product_tag?post=2185"}],"curies":[{"name":"wp","href":"https:\/\/api.w.org\/{rel}","templated":true}]}}