{"id":4715,"date":"2024-06-13T12:14:22","date_gmt":"2024-06-13T16:14:22","guid":{"rendered":"https:\/\/oxnchile.cl\/?post_type=product&#038;p=4715"},"modified":"2026-04-16T09:42:52","modified_gmt":"2026-04-16T13:42:52","slug":"canillera-con-velcro-junior","status":"publish","type":"product","link":"https:\/\/oxnchile.cl\/index.php\/producto\/canillera-con-velcro-junior\/","title":{"rendered":"Canillera con Velcro Junior"},"content":{"rendered":"<p>Dise\u00f1ada para los jugadores m\u00e1s j\u00f3venes. La canillera OXN es el complemento imprescindible para todos los partidos. Incluye bandas de velcro para mejor ajuste.<\/p>\n","protected":false},"excerpt":{"rendered":"<p>Dise\u00f1ada para los jugadores m\u00e1s j\u00f3venes. La canillera OXN es el complemento imprescindible para todos los partidos. Incluye bandas de velcro para mejor ajuste.<\/p>\n","protected":false},"featured_media":8361,"template":"","meta":{"_acf_changed":false},"product_brand":[],"product_cat":[123,199,221,137],"product_tag":[],"class_list":{"0":"post-4715","1":"product","2":"type-product","3":"status-publish","4":"has-post-thumbnail","6":"product_cat-accesorios","7":"product_cat-canilleras-canilleras","8":"product_cat-dia-del-nino","9":"product_cat-equipamiento","11":"first","12":"instock","13":"sale","14":"shipping-taxable","15":"purchasable","16":"product-type-simple","swatches":"rey-swatches","show_selected":""},"acf":[],"_links":{"self":[{"href":"https:\/\/oxnchile.cl\/index.php\/wp-json\/wp\/v2\/product\/4715","targetHints":{"allow":["GET"]}}],"collection":[{"href":"https:\/\/oxnchile.cl\/index.php\/wp-json\/wp\/v2\/product"}],"about":[{"href":"https:\/\/oxnchile.cl\/index.php\/wp-json\/wp\/v2\/types\/product"}],"wp:featuredmedia":[{"embeddable":true,"href":"https:\/\/oxnchile.cl\/index.php\/wp-json\/wp\/v2\/media\/8361"}],"wp:attachment":[{"href":"https:\/\/oxnchile.cl\/index.php\/wp-json\/wp\/v2\/media?parent=4715"}],"wp:term":[{"taxonomy":"product_brand","embeddable":true,"href":"https:\/\/oxnchile.cl\/index.php\/wp-json\/wp\/v2\/product_brand?post=4715"},{"taxonomy":"product_cat","embeddable":true,"href":"https:\/\/oxnchile.cl\/index.php\/wp-json\/wp\/v2\/product_cat?post=4715"},{"taxonomy":"product_tag","embeddable":true,"href":"https:\/\/oxnchile.cl\/index.php\/wp-json\/wp\/v2\/product_tag?post=4715"}],"curies":[{"name":"wp","href":"https:\/\/api.w.org\/{rel}","templated":true}]}}