{"id":5603,"date":"2024-11-29T16:27:07","date_gmt":"2024-11-29T19:27:07","guid":{"rendered":"https:\/\/oxnchile.cl\/?post_type=product&#038;p=5603"},"modified":"2026-03-25T15:15:28","modified_gmt":"2026-03-25T18:15:28","slug":"veloster-md-junior","status":"publish","type":"product","link":"https:\/\/oxnchile.cl\/index.php\/producto\/veloster-md-junior\/","title":{"rendered":"ZAPATOS DE FUTBOL VELOSTER 2 MD"},"content":{"rendered":"<p>ZAPATOS DE FUTBOL VELOSTER 2 MD<\/p>\n","protected":false},"excerpt":{"rendered":"<div class=\"page\" title=\"Page 8\">\n<div class=\"section\">\n<div class=\"layoutArea\">\n<div class=\"column\">\n<p>Los Veloster 2 MD son ideales para los jugadores que necesitan un zapato levemente m\u00e1s r\u00edgido, que requiere velocidad en sus movimientos con extra agarre y alta sensibilidad con el bal\u00f3n. Esta versi\u00f3n cuenta con una parte superior completamente de PU lisa con impresiones multicolor. Y la suela de PVC cosida, viene con toperoles fijos micro texturados para mayor estabilidad y velocidad.<\/p>\n<p><b>Detalle t\u00e9cnico<br \/><\/b><br \/>\u2022Capellada: PU<br \/>\u2022Plantilla: En EVA y extra\u00edble<br \/>\u2022Forro: Material textil transpirable 100% poli\u00e9ster<br \/>\u2022Suela: PVC con toperoles fijos cosida<br \/>\u2022Origen: Brasil<br \/>\u2022Adecuado para: Todo tipo de terreno<\/p>\n<\/div>\n<\/div>\n<\/div>\n<\/div>\n","protected":false},"featured_media":8593,"template":"","meta":{"_acf_changed":false},"product_brand":[],"product_cat":[106,221,122,120],"product_tag":[],"class_list":{"0":"post-5603","1":"product","2":"type-product","3":"status-publish","4":"has-post-thumbnail","6":"product_cat-calzado","7":"product_cat-dia-del-nino","8":"product_cat-futbol-infantil","9":"product_cat-infantil","11":"first","12":"instock","13":"sale","14":"shipping-taxable","15":"purchasable","16":"product-type-variable","swatches":"rey-swatches","show_selected":""},"acf":[],"_links":{"self":[{"href":"https:\/\/oxnchile.cl\/index.php\/wp-json\/wp\/v2\/product\/5603","targetHints":{"allow":["GET"]}}],"collection":[{"href":"https:\/\/oxnchile.cl\/index.php\/wp-json\/wp\/v2\/product"}],"about":[{"href":"https:\/\/oxnchile.cl\/index.php\/wp-json\/wp\/v2\/types\/product"}],"wp:featuredmedia":[{"embeddable":true,"href":"https:\/\/oxnchile.cl\/index.php\/wp-json\/wp\/v2\/media\/8593"}],"wp:attachment":[{"href":"https:\/\/oxnchile.cl\/index.php\/wp-json\/wp\/v2\/media?parent=5603"}],"wp:term":[{"taxonomy":"product_brand","embeddable":true,"href":"https:\/\/oxnchile.cl\/index.php\/wp-json\/wp\/v2\/product_brand?post=5603"},{"taxonomy":"product_cat","embeddable":true,"href":"https:\/\/oxnchile.cl\/index.php\/wp-json\/wp\/v2\/product_cat?post=5603"},{"taxonomy":"product_tag","embeddable":true,"href":"https:\/\/oxnchile.cl\/index.php\/wp-json\/wp\/v2\/product_tag?post=5603"}],"curies":[{"name":"wp","href":"https:\/\/api.w.org\/{rel}","templated":true}]}}