{"id":6649,"date":"2025-04-10T10:13:33","date_gmt":"2025-04-10T14:13:33","guid":{"rendered":"https:\/\/oxnchile.cl\/?post_type=product&#038;p=6649"},"modified":"2026-03-25T15:13:34","modified_gmt":"2026-03-25T18:13:34","slug":"zapato-baby-futbol-niebla-sc-2","status":"publish","type":"product","link":"https:\/\/oxnchile.cl\/index.php\/producto\/zapato-baby-futbol-niebla-sc-2\/","title":{"rendered":"ZAPATO BABY FUTBOL NIEBLA SC"},"content":{"rendered":"<p>ZAPATO BABY FUTBOL NIEBLA SC ADULTO<\/p>\n","protected":false},"excerpt":{"rendered":"<p><strong>NIEBLA SC BABY FUTBOL<\/strong><\/p>\n<p>Los Niebla SC son ideales para los jugadores que requieren velocidad en sus movimientos con extra agarre y alta sensibilidad con el bal\u00f3n. Su parte superior est\u00e1 confeccionada con tejido \u201cFlyknit\u201d sellado con una l\u00e1mina de PU liso para lograr un zapato liviano, flexible y a prueba de filtraciones en terrenos h\u00famedos. Y la suela de TPR viene con micro toperoles para mayor tracci\u00f3n, velocidad y precisi\u00f3n en la patada.<\/p>\n<p>&nbsp;<\/p>\n<p><strong>Informaci\u00f3n T\u00e9cnica:<\/strong><br \/>\u2022Capellada: PU<br \/>\u2022Plantilla: En EVA extra\u00edble<br \/>\u2022Forro: Tejido \u201cFlyknit\u201d 100% poli\u00e9ster<br \/>\u2022Suela: TPR con micro toperoles<br \/>\u2022Origen: China<br \/>\u2022Adecuado para: Superficies duras y pasto sint\u00e9tico<\/p>\n","protected":false},"featured_media":7938,"template":"","meta":{"_acf_changed":false},"product_brand":[],"product_cat":[107,118,106],"product_tag":[],"class_list":{"0":"post-6649","1":"product","2":"type-product","3":"status-publish","4":"has-post-thumbnail","6":"product_cat-adulto","7":"product_cat-baby-futbol","8":"product_cat-calzado","10":"first","11":"instock","12":"sale","13":"shipping-taxable","14":"purchasable","15":"product-type-variable","swatches":"rey-swatches","show_selected":""},"acf":[],"_links":{"self":[{"href":"https:\/\/oxnchile.cl\/index.php\/wp-json\/wp\/v2\/product\/6649","targetHints":{"allow":["GET"]}}],"collection":[{"href":"https:\/\/oxnchile.cl\/index.php\/wp-json\/wp\/v2\/product"}],"about":[{"href":"https:\/\/oxnchile.cl\/index.php\/wp-json\/wp\/v2\/types\/product"}],"wp:featuredmedia":[{"embeddable":true,"href":"https:\/\/oxnchile.cl\/index.php\/wp-json\/wp\/v2\/media\/7938"}],"wp:attachment":[{"href":"https:\/\/oxnchile.cl\/index.php\/wp-json\/wp\/v2\/media?parent=6649"}],"wp:term":[{"taxonomy":"product_brand","embeddable":true,"href":"https:\/\/oxnchile.cl\/index.php\/wp-json\/wp\/v2\/product_brand?post=6649"},{"taxonomy":"product_cat","embeddable":true,"href":"https:\/\/oxnchile.cl\/index.php\/wp-json\/wp\/v2\/product_cat?post=6649"},{"taxonomy":"product_tag","embeddable":true,"href":"https:\/\/oxnchile.cl\/index.php\/wp-json\/wp\/v2\/product_tag?post=6649"}],"curies":[{"name":"wp","href":"https:\/\/api.w.org\/{rel}","templated":true}]}}