{"id":6753,"date":"2025-04-25T15:45:43","date_gmt":"2025-04-25T19:45:43","guid":{"rendered":"https:\/\/oxnchile.cl\/?post_type=product&#038;p=6753"},"modified":"2026-04-19T22:09:01","modified_gmt":"2026-04-20T02:09:01","slug":"zapatos-baby-futbol-dynamic-4-x-hybrid","status":"publish","type":"product","link":"https:\/\/oxnchile.cl\/index.php\/producto\/zapatos-baby-futbol-dynamic-4-x-hybrid\/","title":{"rendered":"ZAPATOS BABY FUTBOL DYNAMIC 4 X HYBRID"},"content":{"rendered":"<p>ZAPATOS BABY FUTBOL DYNAMIC 4 X HYBRID ADULTO<\/p>\n","protected":false},"excerpt":{"rendered":"<p>Los <strong>Dynamic 4 Pro Hybrid<\/strong> fueron especialmente dise\u00f1ados para jugadores que quieren conseguir un rendimiento excepcional en diferentes tipos de superficies. Con su dise\u00f1o vers\u00e1til y funcional, son ideales para c\u00e9sped natural y sint\u00e9tico. Su parte superior de material sint\u00e9tico ofrece comodidad durante los juegos, mientras que el forro textil acolchado garantiza control de la humedad, estabilidad y soporte durante los juegos.<\/p>\n<p>&nbsp;<\/p>\n<p><strong>Informaci\u00f3n T\u00e9cnica:<\/strong><br \/>\u2022Capellada: PU con costuras<br \/>\u2022Plantilla: En EVA y extra\u00edble<br \/>\u2022Forro: Material textil transpirable 100% poli\u00e9ster<br \/>\u2022Suela: PVC con 21 toperoles cortos fijos<br \/>\u2022Origen: Brasil<br \/>\u2022Adecuado para: Pasto natural y sint\u00e9tico<\/p>\n","protected":false},"featured_media":8236,"template":"","meta":{"_acf_changed":false},"product_brand":[],"product_cat":[106,107,118],"product_tag":[],"class_list":{"0":"post-6753","1":"product","2":"type-product","3":"status-publish","4":"has-post-thumbnail","6":"product_cat-calzado","7":"product_cat-adulto","8":"product_cat-baby-futbol","10":"first","11":"instock","12":"sale","13":"shipping-taxable","14":"purchasable","15":"product-type-variable","swatches":"rey-swatches","show_selected":""},"acf":[],"_links":{"self":[{"href":"https:\/\/oxnchile.cl\/index.php\/wp-json\/wp\/v2\/product\/6753","targetHints":{"allow":["GET"]}}],"collection":[{"href":"https:\/\/oxnchile.cl\/index.php\/wp-json\/wp\/v2\/product"}],"about":[{"href":"https:\/\/oxnchile.cl\/index.php\/wp-json\/wp\/v2\/types\/product"}],"wp:featuredmedia":[{"embeddable":true,"href":"https:\/\/oxnchile.cl\/index.php\/wp-json\/wp\/v2\/media\/8236"}],"wp:attachment":[{"href":"https:\/\/oxnchile.cl\/index.php\/wp-json\/wp\/v2\/media?parent=6753"}],"wp:term":[{"taxonomy":"product_brand","embeddable":true,"href":"https:\/\/oxnchile.cl\/index.php\/wp-json\/wp\/v2\/product_brand?post=6753"},{"taxonomy":"product_cat","embeddable":true,"href":"https:\/\/oxnchile.cl\/index.php\/wp-json\/wp\/v2\/product_cat?post=6753"},{"taxonomy":"product_tag","embeddable":true,"href":"https:\/\/oxnchile.cl\/index.php\/wp-json\/wp\/v2\/product_tag?post=6753"}],"curies":[{"name":"wp","href":"https:\/\/api.w.org\/{rel}","templated":true}]}}