{"id":7045,"date":"2025-05-30T15:55:15","date_gmt":"2025-05-30T19:55:15","guid":{"rendered":"https:\/\/oxnchile.cl\/?post_type=product&#038;p=7045"},"modified":"2026-03-24T17:24:15","modified_gmt":"2026-03-24T20:24:15","slug":"zapatos-de-futbol-speed-4","status":"publish","type":"product","link":"https:\/\/oxnchile.cl\/index.php\/producto\/zapatos-de-futbol-speed-4\/","title":{"rendered":"ZAPATOS DE FUTBOL SPEED 4"},"content":{"rendered":"<p>Una excelente opci\u00f3n para mejorar tus habilidades futbol\u00edsticas en el campo de juego. Cuentan con una parte superior hecha con material sint\u00e9tico y tienen un forro interior ligeramente acolchado, brindando mayor estabilidad y comodidad. Tiene una plantilla fabricada en EVA que se puede quitar, lo que facilita la limpieza. Finalmente, la suela de PVC viene con toperoles largos, fijos y multidireccionales, asegurando la m\u00e1xima tracci\u00f3n y precisi\u00f3n en las patadas.<br \/>\nnInformaci\u00f3n t\u00e9cnica<br \/>\nn<br \/>\nn Capellada: Material sint\u00e9tico, acolchado con costuras.<br \/>\nn Plantilla: En EVA y extra\u00edble; facilita la limpieza.<br \/>\nn Forro: Forro de material textil transpirable.<br \/>\nn Suela: PVC con toperoles fijos que garantizan m\u00e1xima tracci\u00f3n, estabilidad y movimientos multidireccionales.<br \/>\nn Adecuado para: Todo tipo de terreno.<br \/>\nn Lengua: Integrada.<br \/>\nn Origen: Brasil.<br \/>\nn Ajuste: Cordones.<br \/>\nn Peso aproximado: 550g para el par N\u00ba40.<br \/>\nn<\/p>\n","protected":false},"excerpt":{"rendered":"<p>ZAPATOS DE FUTBOL SPEED 4<\/p>\n","protected":false},"featured_media":8864,"template":"","meta":{"_acf_changed":false},"product_brand":[],"product_cat":[107,106,109,218],"product_tag":[],"class_list":{"0":"post-7045","1":"product","2":"type-product","3":"status-publish","4":"has-post-thumbnail","6":"product_cat-adulto","7":"product_cat-calzado","8":"product_cat-futbol","9":"product_cat-sale","11":"first","12":"instock","13":"sale","14":"shipping-taxable","15":"purchasable","16":"product-type-variable","17":"has-default-attributes","swatches":"rey-swatches","show_selected":""},"acf":[],"_links":{"self":[{"href":"https:\/\/oxnchile.cl\/index.php\/wp-json\/wp\/v2\/product\/7045","targetHints":{"allow":["GET"]}}],"collection":[{"href":"https:\/\/oxnchile.cl\/index.php\/wp-json\/wp\/v2\/product"}],"about":[{"href":"https:\/\/oxnchile.cl\/index.php\/wp-json\/wp\/v2\/types\/product"}],"wp:featuredmedia":[{"embeddable":true,"href":"https:\/\/oxnchile.cl\/index.php\/wp-json\/wp\/v2\/media\/8864"}],"wp:attachment":[{"href":"https:\/\/oxnchile.cl\/index.php\/wp-json\/wp\/v2\/media?parent=7045"}],"wp:term":[{"taxonomy":"product_brand","embeddable":true,"href":"https:\/\/oxnchile.cl\/index.php\/wp-json\/wp\/v2\/product_brand?post=7045"},{"taxonomy":"product_cat","embeddable":true,"href":"https:\/\/oxnchile.cl\/index.php\/wp-json\/wp\/v2\/product_cat?post=7045"},{"taxonomy":"product_tag","embeddable":true,"href":"https:\/\/oxnchile.cl\/index.php\/wp-json\/wp\/v2\/product_tag?post=7045"}],"curies":[{"name":"wp","href":"https:\/\/api.w.org\/{rel}","templated":true}]}}