{"id":7150,"date":"2025-06-05T17:46:10","date_gmt":"2025-06-05T21:46:10","guid":{"rendered":"https:\/\/oxnchile.cl\/?post_type=product&#038;p=7150"},"modified":"2026-03-25T15:14:45","modified_gmt":"2026-03-25T18:14:45","slug":"zapatos-futbol-altitud-junior","status":"publish","type":"product","link":"https:\/\/oxnchile.cl\/index.php\/producto\/zapatos-futbol-altitud-junior\/","title":{"rendered":"ZAPATOS FUTBOL ALTITUD JUNIOR"},"content":{"rendered":"<p>Los Altitud Junior, son ideales para los jugadores m\u00e1s j\u00f3venes que necesitan un zapato con extra agarre, que requiere agilidad y velocidad en sus movimientos. Su parte superior sint\u00e9tica texturada, presenta un calcet\u00edn de neopreno integrado para mejor sujeci\u00f3n y la suela de PVC viene con micro toperoles fijos.<br \/>\nnInformaci\u00f3n t\u00e9cnica<br \/>\nn<br \/>\nn Capellada: Material sint\u00e9tico texturado<br \/>\nn Plantilla: En EVA y extra\u00edble; facilita la limpieza<br \/>\nn Forro: Forro de material textil transpirable.<br \/>\nn Suela: PVC con micro toperoles fijos que garantizan m\u00e1xima tracci\u00f3n, estabilidad y movimientos multidireccionales.<br \/>\nn Adecuado para: Todo tipo de terreno.<br \/>\nn Lengua: Integrada con calcet\u00edn de neopreno<br \/>\nn Origen: Brasil<br \/>\nn Ajuste: Cordones<br \/>\nn<\/p>\n","protected":false},"excerpt":{"rendered":"<p><\/p>\n<p><\/p>\n<p><!--StartFragment--><\/p>\n<p style=\"margin-top: 0px;margin-bottom: 20px;, Helvetica, Arial, sans-serif;font-size: 16px;font-style: normal;font-weight: 400;letter-spacing: normal;text-indent: 0px;text-transform: none;white-space: normal;text-align: justify\">Los Altitud Junior, son ideales para los jugadores m\u00e1s j\u00f3venes que necesitan un zapato con extra agarre, que requiere agilidad y velocidad en sus movimientos. Su parte superior sint\u00e9tica texturada, presenta un calcet\u00edn de neopreno integrado para mejor sujeci\u00f3n y la suela de PVC viene con micro toperoles fijos.<\/p>\n<p style=\"margin-top: 0px;margin-bottom: 0px;, Helvetica, Arial, sans-serif;font-size: 16px;font-style: normal;font-weight: 400;letter-spacing: normal;text-align: start;text-indent: 0px;text-transform: none;white-space: normal\"><strong style=\"font-weight: 600\">Informaci\u00f3n t\u00e9cnica<\/strong><\/p>\n<ul style=\"margin: 1.25rem 0px;padding: 0px 0px 0px 1.875rem;, Helvetica, Arial, sans-serif;font-size: 16px;font-style: normal;font-weight: 400;letter-spacing: normal;text-align: start;text-indent: 0px;text-transform: none;white-space: normal\">\n<li>Capellada: Material sint\u00e9tico texturado<\/li>\n<li>Plantilla: En EVA y extra\u00edble; facilita la limpieza<\/li>\n<li>Forro: Forro de material textil transpirable.<\/li>\n<li>Suela: PVC con micro toperoles fijos que garantizan m\u00e1xima tracci\u00f3n, estabilidad y movimientos multidireccionales.<\/li>\n<li>Adecuado para: Todo tipo de terreno.<\/li>\n<li>Lengua: Integrada con calcet\u00edn de neopreno<\/li>\n<li>Origen: Brasil<\/li>\n<li>Ajuste: Cordones<\/li>\n<\/ul>\n<p><!--EndFragment--><\/p>\n<p><\/p>\n<p><\/p>\n","protected":false},"featured_media":8840,"template":"","meta":{"_acf_changed":false},"product_brand":[],"product_cat":[106,221,122,120],"product_tag":[],"class_list":{"0":"post-7150","1":"product","2":"type-product","3":"status-publish","4":"has-post-thumbnail","6":"product_cat-calzado","7":"product_cat-dia-del-nino","8":"product_cat-futbol-infantil","9":"product_cat-infantil","11":"first","12":"instock","13":"sale","14":"shipping-taxable","15":"purchasable","16":"product-type-variable","swatches":"rey-swatches","show_selected":""},"acf":[],"_links":{"self":[{"href":"https:\/\/oxnchile.cl\/index.php\/wp-json\/wp\/v2\/product\/7150","targetHints":{"allow":["GET"]}}],"collection":[{"href":"https:\/\/oxnchile.cl\/index.php\/wp-json\/wp\/v2\/product"}],"about":[{"href":"https:\/\/oxnchile.cl\/index.php\/wp-json\/wp\/v2\/types\/product"}],"wp:featuredmedia":[{"embeddable":true,"href":"https:\/\/oxnchile.cl\/index.php\/wp-json\/wp\/v2\/media\/8840"}],"wp:attachment":[{"href":"https:\/\/oxnchile.cl\/index.php\/wp-json\/wp\/v2\/media?parent=7150"}],"wp:term":[{"taxonomy":"product_brand","embeddable":true,"href":"https:\/\/oxnchile.cl\/index.php\/wp-json\/wp\/v2\/product_brand?post=7150"},{"taxonomy":"product_cat","embeddable":true,"href":"https:\/\/oxnchile.cl\/index.php\/wp-json\/wp\/v2\/product_cat?post=7150"},{"taxonomy":"product_tag","embeddable":true,"href":"https:\/\/oxnchile.cl\/index.php\/wp-json\/wp\/v2\/product_tag?post=7150"}],"curies":[{"name":"wp","href":"https:\/\/api.w.org\/{rel}","templated":true}]}}